 162 = -3*a. Suppose -2*s - 5*k = -k - 4, 0 = 5*s + 2*k - a. Calculate the remainder when 34 is divided by s.
10
Suppose 4*j + 334 + 145 = -5*w, 0 = -5*w - 15. Calculate the remainder when (-2)/((-16)/j)*-2 is divided by 10.
9
Suppose 6*s - 5 = 5*s. Calculate the remainder when 23 is divided by s.
3
Let m(h) = 5*h + 77. What is the remainder when 50 is divided by m(-12)?
16
Let w = 48 - 25. Calculate the remainder when w is divided by 8.
7
Suppose -f + 4*f - 54 = -o, 5*o = 0. Let a = 24 - -27. What is the remainder when a is divided by f?
15
Let h = 25 + -15. Calculate the remainder when (-4)/((8/12)/(57/(-9))) is divided by h.
8
Let y(r) = 3*r - 12. Let x(j) = 3*j**3 - 4*j**2 + 2*j - 6. Calculate the remainder when x(3) is divided by y(8).
9
Let t be -1 + (-4)/((-12)/15). Let l be (t - 2) + 204/2. Suppose -4*x + 95 = 5*k, -4*k + 0*k - l = -4*x. Calculate the remainder when x is divided by 7.
4
Suppose -g + 8 - 2 = d, 9 = 2*g + 5*d. Suppose -5*y - 2*v = -32, -4*y = 3*v - g*v - 20. Suppose 2*m - 40 = -y. What is the remainder when m is divided by 6?
5
What is the remainder when 25 is divided by ((-1)/(-2)*-13)/((-2)/4)?
12
Let h(r) = -r**3 - 9*r**2 + 6*r + 14. What is the remainder when h(-10) is divided by 19?
16
Let i(l) = -l**2 - 10*l - 4. Let y = 8 - 5. Suppose -20 - 22 = -y*s. What is the remainder when s is divided by i(-9)?
4
Let c(m) = 15*m - 11. Let u be c(6). Let o = u + -47. Calculate the remainder when 93 is divided by o.
29
Let d be 2 + -2 + 4 + -1. Suppose d*u + 9 = 2*y + 4*u, -4*u + 20 = 0. Let v = -4 - -7. What is the remainder when v is divided by y?
1
Let v = 56 - 40. What is the remainder when (-18)/(-4)*(0 - -2) is divided by v/3 - 1/3?
4
Let y(d) = 2*d - 5. Let n be y(4). Suppose -7 - 13 = 4*k, 0 = 3*a - n*k - 30. Suppose 0 = -6*i + 5*i + 13. Calculate the remainder when i is divided by a.
3
Let b = 448 + -320. Calculate the remainder when b is divided by 33.
29
Suppose 0 = -5*a - 20, -a - 5 + 1 = 3*r. Suppose w - 12 - 27 = r. Calculate the remainder when w is divided by 8.
7
Suppose 5*t - 4*k - 20 = 9, -3*t + 11 = 4*k. Calculate the remainder when 13 is divided by t.
3
Suppose -1 = -l + r, 2*r + 0*r + 8 = -l. What is the remainder when ((-9)/(-2))/(9/24) is divided by (4/(-2))/(l/7)?
5
Suppose -3*n - 2*g = g - 21, -2*g = -5*n. Suppose 2*c - 2 = 6. Calculate the remainder when c is divided by n.
0
Let v(z) = z**2 - z + 7. Suppose -3*d = -48 + 18. What is the remainder when v(-5) is divided by d?
7
Let s(r) be the third derivative of r**4/24 - r**3/3 - 2*r**2. What is the remainder when s(3) is divided by 1?
0
Let d be (-1 - -6) + 5 + -5. Suppose -5*i = -3*g - 73, 74 = -5*g + d*i - 41. What is the remainder when 6/g - (-156)/7 is divided by 8?
6
Suppose 112 = 2*y - 3*y. Let q be y/(-6)*18/8. Calculate the remainder when (-4)/(-8) + q/4 is divided by 6.
5
Let k(v) = -2*v**3 + v**2 + 4*v + 1. Suppose 0 = -4*x - 5 - 7. Let w(m) = -m**3 + 4*m + 3. What is the remainder when k(x) is divided by w(-3)?
16
Suppose 0*y + y + 56 = 2*s, 0 = 4*s - 3*y - 110. What is the remainder when s is divided by 10?
9
Let o = -6 - -17. What is the remainder when o is divided by 2?
1
Let v = -12 - 31. Let i be 2/3 - 415/15. Let p = i - v. Calculate the remainder when p is divided by 6.
4
Suppose -3*k + 24 = -k. What is the remainder when (-1 + 0 + 42)*1 is divided by -2*(-3 - -2) + k?
13
Suppose u + 145 = 6*u. Suppose -5*n + 4*b = -4*n + 4, 0 = 3*b - 9. Calculate the remainder when u is divided by n.
5
Let o(y) = y**3 + 7*y**2 + 2*y + 5. Suppose 8*j - 5*j + 3*z - 33 = 0, -5*z + 39 = 3*j. What is the remainder when o(-6) is divided by j?
5
Let t be 2/(-8) - (-51)/12. Suppose 4*a + t*v - 48 = a, 0 = a + 4*v - 24. Let f = 21 - a. Calculate the remainder when 17 is divided by f.
8
Calculate the remainder when 35 is divided by (-2024)/(-143) - 6/39.
7
What is the remainder when 45/10*120/9 is divided by 9?
6
What is the remainder when 52 + (2 - 1) + 0 is divided by 18?
17
Let t(a) = a**2 - a - 6. Calculate the remainder when 33 is divided by t(4).
3
Let i be (-34)/(-8) - 3/12. Calculate the remainder when 43 is divided by (-45)/(-2)*i/6.
13
Let r(y) = -y**3 + 2*y**2 - 1. Let i be r(2). Let t be 1 - (0 + i/1). Suppose -4*w + 102 = t. What is the remainder when w is divided by 9?
7
Let c(f) = 13*f**2 + 2*f + 1. Let l be c(-1). Let r = 22 - l. What is the remainder when 38 is divided by r?
8
Let n = 75 + -43. Calculate the remainder when n is divided by 11.
10
Let o(u) = -u - 2. Let l be o(-7). What is the remainder when l/2 - (-1)/2 is divided by 1?
0
Suppose 9*b = 11*b - 30. Suppose -5*o + b = -0. What is the remainder when 11 is divided by o?
2
Let o = -12 + 46. Suppose -5*r - 39 = -3*s - 6*r, -3*s + 2*r = -30. What is the remainder when o is divided by s?
10
Let o(a) be the second derivative of 1/12*a**4 + 0 - 2*a + 7/6*a**3 - 3*a**2. What is the remainder when o(-8) is divided by 1?
0
Suppose 3 = -12*h + 9*h. Let f = 12 - h. Calculate the remainder when 38 is divided by f.
12
Suppose 2*d - 21 = -7. Let c = 4 - 0. Calculate the remainder when d is divided by c.
3
Let s = 77 - 48. Suppose 3*v - 37 = s. Suppose -3*q + 2*q = -64. Calculate the remainder when q is divided by v.
20
Suppose 5*y - 3*r + 0*r = 33, -4*r = -3*y + 11. Let b be 2/(30/81)*5. Let l = 44 - b. Calculate the remainder when l is divided by y.
8
Suppose 0 - 4 = -j. Suppose 28 = k + d + d, d - 64 = -3*k. Suppose -2*r - k = -4*r. Calculate the remainder when r is divided by j.
2
Let o(u) = -6*u + 6. What is the remainder when 93 is divided by o(-3)?
21
Let s = 8 + -2. Let l = 11 - s. Calculate the remainder when 22 is divided by (-2)/l + 248/20.
10
What is the remainder when ((-701 + -1)/3)/(3/(-4)) is divided by 35?
32
Suppose -4*y = -3*y - 5*p - 560, 4*y - 2*p = 2204. Suppose -2*k + 7*k = y. Suppose k - 10 = 4*m. Calculate the remainder when m is divided by 13.
12
Let k = 152 + -95. Calculate the remainder when 341 is divided by k.
56
Suppose 4*b - 29 = 27. What is the remainder when b is divided by 15/(-5) - -6*2?
5
Suppose 3*p = -2*s + 6, -5*s - 2*p = 2*p - 29. Suppose -25 - 79 = -4*f. Calculate the remainder when f is divided by s.
8
Let s(o) = -5*o - 6. Let c = 15 - 0. Calculate the remainder when c is divided by s(-3).
6
Let q(f) = 13*f**2 + 3 - 11*f**2 + 2 + 11*f. Suppose -4*t + 39 - 3 = 0. What is the remainder when q(-7) is divided by t?
8
Let s be 24/5 + 1/5. Let c = s + -4. Suppose 0 + c = -d, -5 = -g + 2*d. Calculate the remainder when 7 is divided by g.
1
Let i(y) = 2*y**2 + 4*y + 4. What is the remainder when 59 is divided by i(-3)?
9
Let l(w) be the third derivative of w**6/120 + w**5/15 - 5*w**4/24 - 7*w**3/6 + 2*w**2. Calculate the remainder when 49 is divided by l(-4).
10
Suppose -3*p + 40 = p. What is the remainder when -8 - -4 - (-25 - -2) is divided by p?
9
Let q be 0/1 + (0 - 13). Let b = 1 - q. What is the remainder when b is divided by 9?
5
Suppose 3*u + 3*c = -39, 5*c - 36 = 2*u + 2*c. Let y = u + 65. Suppose -h + 2*r + 6 = 0, 5*h = 5*r - 0*r + y. Calculate the remainder when 53 is divided by h.
11
Suppose 0 = -2*p - 3*p + 60. Let y = 113 + -78. What is the remainder when y is divided by p?
11
Let k(w) = w**3 + 7*w**2 + 5*w + 6. What is the remainder when k(-5) is divided by 8?
7
Let p = 31 - 15. Calculate the remainder when 79 is divided by p.
15
Let t = 111 - 58. What is the remainder when t is divided by 6/9*(28 + -1)?
17
Let r(p) = p**3 + 9*p**2 + 10*p + 2. What is the remainder when r(-7) is divided by 8?
6
Let v(i) = i**3 - 5*i**2 - 3*i + 7. Let n be v(5). Let h(s) = s - 4*s**2 - 7 + 9*s + s**3 + 14*s**2. Calculate the remainder when h(n) is divided by 21.
20
Suppose 0 = -0*q - q + 36. What is the remainder when q is divided by (-4 - 100/(-12))*(4 + -1)?
10
Let h(c) = -c + 5. Let g be h(-5). Suppose g*y - 6*y = 244. What is the remainder when y is divided by 16?
13
Let r = -4 - -4. Let s(m) = m**2 + m + 9. Let b(j) = -12*j + 2. Calculate the remainder when b(-2) is divided by s(r).
8
Let k(b) = b + 2*b - b. Let j(o) = -o**3 - o**2 + 4*o + 3. Calculate the remainder when k(8) is divided by j(-3).
7
Let n = -13 - -16. Suppose -5*o - b - n*b + 44 = 0, -40 = -3*o + b. Calculate the remainder when o is divided by 5.
2
Suppose l - 2*l = -5*r + 62, 4*l = -8. Wh